{"id":2545,"date":"2017-10-06T21:45:06","date_gmt":"2017-10-07T02:45:06","guid":{"rendered":"http:\/\/fcfcomunicaciones.com\/?page_id=2545"},"modified":"2017-10-06T22:13:47","modified_gmt":"2017-10-07T03:13:47","slug":"denuncia","status":"publish","type":"page","link":"http:\/\/fcfcomunicaciones.com\/?page_id=2545","title":{"rendered":"DENUNCIA"},"content":{"rendered":"<p>[vc_row king_row_type=\u00bbparallax\u00bb bg_image=\u00bb2418&#8243;][vc_column][vc_column_text]<\/p>\n<div class=\"art-postmetadataheader\">\n<h1 class=\"art-postheader\"><span class=\"art-postheadericon\">DENUNCIA!<\/span><\/h1>\n<\/div>\n<div class=\"art-postcontent clearfix\">\n<h3 style=\"text-align: center;\"><strong>\u00bfQu\u00e9\u00a0<em>Denunciar<\/em>?<\/strong><\/h3>\n<h4 style=\"text-align: justify;\">Segun el decreto 1524 de 2002 es nuestro deber Denunciar ante las autoridades competentes cualquier acto criminal contra menores de edad de que tengan conocimiento, incluso de la difusi\u00f3n de material pornogr\u00e1fico asociado a menores.<\/h4>\n<h4 style=\"text-align: justify;\">se deben denunciar contenidos ilegales como son el abuso, la explotaci\u00f3n sexual comercial y la pornograf\u00eda INFANTIL Y ADOLESCENTE.<\/h4>\n<h3 style=\"text-align: center;\"><strong>\u00bfQu\u00e9 es pornograf\u00eda infantil?<\/strong><\/h3>\n<h4 style=\"text-align: justify;\">A nivel internacional se define como \u201ctoda representaci\u00f3n, por cualquier medio, de un ni\u00f1o dedicado a actividades sexuales expl\u00edcitas, reales o simuladas, o toda representaci\u00f3n de las partes genitales de un ni\u00f1o, con fines primordialmente sexuales. Si bien es cierto que en algunos pa\u00edses la comercializaci\u00f3n de materiales pornogr\u00e1ficos es legal, la pornograf\u00eda con menores de 18 a\u00f1os es siempre ilegal.<\/h4>\n<h4 style=\"text-align: justify;\">El ICBF de la mano del Ministerio de Tecnolog\u00edas de la Informaci\u00f3n y las Comunicaciones, el \u00a0 Instituto Colombiano de Bienestar Familiar, la Defensor\u00eda del Pueblo, Fiscal\u00eda General de la Naci\u00f3n- \u00a0Polic\u00eda Nacional (DIJIN), \u00a0Red de Padres y Madres \u2013 Red PaPaz, Rodriguez &amp; Cavelier y Unicef, desarrolaron esta herramienta de clasificaci\u00f3n de las p\u00e1ginas web con contenido de pornograf\u00eda infantil. Vea el documento completo aqu\u00ed<\/h4>\n<h3 style=\"text-align: center;\"><strong>Criterios de clasificaci\u00f3n de p\u00e1ginas en Internet con contenidos de\u00a0<\/strong><strong>pornograf\u00eda infantil\u00a0<\/strong><\/h3>\n<h4 style=\"text-align: justify;\">La pornograf\u00eda infantil est\u00e1 referida a toda representaci\u00f3n visual, auditiva o de texto, incluidos dibujos animados o juegos de v\u00eddeo, que de manera real o simulada, expl\u00edcita o sugerida, involucre la participaci\u00f3n de un sujeto calificado: ni\u00f1os, ni\u00f1as o personas que aparentan ser ni\u00f1os o ni\u00f1as, a cualquier t\u00edtulo (protagonistas, part\u00edcipes o espectadores), con la participaci\u00f3n o no de adultos, en el desarrollo de una conducta de exhibici\u00f3n, representaci\u00f3n, descripci\u00f3n, proyecci\u00f3n, colecci\u00f3n, creaci\u00f3n o uso de:<\/h4>\n<h4 style=\"text-align: justify;\">1. Acceso carnal (art. 212 C\u00f3digo Penal). Se entender\u00e1 por acceso carnal la penetraci\u00f3n del miembro viril por v\u00eda anal, vaginal u oral, as\u00ed como la penetraci\u00f3n vaginal o anal de cualquier otra parte del cuerpo humano u otro objeto.<\/h4>\n<h4 style=\"text-align: justify;\">2. Actos sexuales abusivos, entendidos como toda acci\u00f3n sexual diversa del acceso carnal.<\/h4>\n<h4 style=\"text-align: justify;\">3. Representaci\u00f3n de las partes genitales de un ni\u00f1o o ni\u00f1a con fines sexuales, o en un contexto de p\u00e1gina pornogr\u00e1fica o como parte de una escena sexual (conjunto de acciones de \u00edndole sexual).<\/h4>\n<h4 style=\"text-align: justify;\">4. Escenas sexuales con animales o figuras fantasiosas o im\u00e1genes o figuras virtuales, digitalizadas o creadas.<\/h4>\n<h4 style=\"text-align: justify;\">5. Escenas sexuales que involucren violencia, tortura, sometimiento, o similares.<\/h4>\n<h4 style=\"text-align: justify;\">6. Ni\u00f1os, ni\u00f1as o personas con apariencia de ni\u00f1os o ni\u00f1as, que aparecen en contextos utilizados por adultos y prohibidos para ni\u00f1os por la ley. Ej.: bares, prost\u00edbulos y que se encuentren en el contexto de una p\u00e1gina pornogr\u00e1fica o como parte de una escena sexual.<\/h4>\n<h4 style=\"text-align: justify;\">7. Que el contexto de la p\u00e1gina o escena incluya o sugiera expresa o sutilmente, reserva, secreto o confidencialidad o invitaci\u00f3n a ser parte o miembro activo de esa comunidad.<\/h4>\n<h4 style=\"text-align: justify;\">8. Ni\u00f1o o ni\u00f1a utilizando art\u00edculos o juguetes sexuales en un contexto de p\u00e1gina pornogr\u00e1fica o como parte de una escena sexual.<\/h4>\n<h4 style=\"text-align: justify;\">9. Representaciones simb\u00f3licas referidas a objetos de uso infantil tales como juguetes, ropa o accesorios.<\/h4>\n<h4 style=\"text-align: justify;\">10. Que el contexto de la p\u00e1gina o escena incluya oferta o posibilidad de compraventa del material, contraprestaci\u00f3n, pago por ver, o solicitudes de car\u00e1cter sexual.<\/h4>\n<h4 style=\"text-align: justify;\">Para ver el archivo completo de <span style=\"color: #ff0000;\"><a style=\"color: #ff0000;\" href=\"http:\/\/www.wisatcolombia.com\/wp-content\/uploads\/2014\/01\/criteriosdeclasificacion.pdf\" target=\"_blank\"><strong>Click Aqu\u00ed.<\/strong><\/a><\/span><\/h4>\n<\/div>\n<p>[\/vc_column_text][\/vc_column][\/vc_row]<\/p>\n","protected":false},"excerpt":{"rendered":"<p>[vc_row king_row_type=\u00bbparallax\u00bb bg_image=\u00bb2418&#8243;][vc_column][vc_column_text] DENUNCIA! \u00bfQu\u00e9\u00a0Denunciar? Segun el decreto 1524 de 2002 es nuestro deber Denunciar ante las autoridades competentes cualquier acto criminal contra menores de edad de que tengan conocimiento, incluso de la difusi\u00f3n de material pornogr\u00e1fico asociado a menores. se deben denunciar contenidos ilegales como son el abuso, la explotaci\u00f3n sexual comercial y la &#8230;<\/p>\n","protected":false},"author":1,"featured_media":0,"parent":0,"menu_order":0,"comment_status":"closed","ping_status":"closed","template":"templates\/page-full.php","meta":[],"acf":[],"_links":{"self":[{"href":"http:\/\/fcfcomunicaciones.com\/index.php?rest_route=\/wp\/v2\/pages\/2545"}],"collection":[{"href":"http:\/\/fcfcomunicaciones.com\/index.php?rest_route=\/wp\/v2\/pages"}],"about":[{"href":"http:\/\/fcfcomunicaciones.com\/index.php?rest_route=\/wp\/v2\/types\/page"}],"author":[{"embeddable":true,"href":"http:\/\/fcfcomunicaciones.com\/index.php?rest_route=\/wp\/v2\/users\/1"}],"replies":[{"embeddable":true,"href":"http:\/\/fcfcomunicaciones.com\/index.php?rest_route=%2Fwp%2Fv2%2Fcomments&post=2545"}],"version-history":[{"count":7,"href":"http:\/\/fcfcomunicaciones.com\/index.php?rest_route=\/wp\/v2\/pages\/2545\/revisions"}],"predecessor-version":[{"id":2569,"href":"http:\/\/fcfcomunicaciones.com\/index.php?rest_route=\/wp\/v2\/pages\/2545\/revisions\/2569"}],"wp:attachment":[{"href":"http:\/\/fcfcomunicaciones.com\/index.php?rest_route=%2Fwp%2Fv2%2Fmedia&parent=2545"}],"curies":[{"name":"wp","href":"https:\/\/api.w.org\/{rel}","templated":true}]}}