{"id":2486,"date":"2017-10-06T11:10:56","date_gmt":"2017-10-06T16:10:56","guid":{"rendered":"http:\/\/fcfcomunicaciones.com\/?page_id=2486"},"modified":"2017-12-18T15:05:42","modified_gmt":"2017-12-18T20:05:42","slug":"mecanismos-de-proteccion","status":"publish","type":"page","link":"http:\/\/fcfcomunicaciones.com\/?page_id=2486","title":{"rendered":"MECANISMOS DE PROTECCI\u00d3N"},"content":{"rendered":"<p>[vc_row king_row_type=\u00bbparallax\u00bb bg_image=\u00bb2418&#8243;][vc_column][vc_empty_space][vc_column_text]<\/p>\n<h1 style=\"text-align: center;\"><strong>\u00bfQU\u00c9 ES UN SISTEMA DE CONTROL PARENTAL?<\/strong><\/h1>\n<h5 style=\"text-align: justify;\"><strong>Un sistema de control parental es \u201cToda herramienta o aplicaci\u00f3n que tiene la capacidad de bloquear, restringir o filtrar el acceso a determinados contenidos o programas, accesibles a trav\u00e9s de un ordenador o de la Red, y de dotar de un control sobre el equipo y las actividades que se realizan con \u00e9l, a la persona que sea el administrador del mismo, que normalmente deber\u00e1 ser el padre o tutor del menor\u201d.<\/strong><br \/>\n<strong>Esta aplicaci\u00f3n toma su nombre de la finalidad de supervisi\u00f3n y control que los padres o tutores procuran realizar de la informaci\u00f3n a la que los menores pueden tener acceso al utilizar el ordenador.<\/strong><br \/>\n<strong>Tambi\u00e9n es habitual que la instalaci\u00f3n de estas aplicaciones se realice en los equipos inform\u00e1ticos de: colegios, bibliotecas p\u00fablicas y cualquier otro lugar en el que los menores puedan llevar a cabo un uso frecuente de ordenadores conectados a Internet.<\/strong><\/h5>\n<h5 style=\"text-align: justify;\"><strong>Existen dos tipos de control parental:<\/strong><\/h5>\n<h5 style=\"text-align: justify;\"><strong>\u2022 Las soluciones que vienen establecidas por defecto en los sistemas operativos3.<\/strong><br \/>\n<strong>\u2022 Las soluciones de control parental que se ofrecen y\/o comercializan por organizaciones y empresas dedicadas a la creaci\u00f3n de \u00e9ste tipo de software.<\/strong><\/h5>\n<h5 style=\"text-align: justify;\"><strong>La diferencia entre una y otra alternativa, se encuentra en las opciones de seguridad que se establecen para cada soluci\u00f3n. Las primeras establecen niveles de seguridad m\u00e1s b\u00e1sicos, entre las que cabe se\u00f1alar el registro de las actividades de los menores para evitar que se comuniquen con personas extra\u00f1as, la generaci\u00f3n de un registro de p\u00e1ginas web visitadas, las aplicaciones inform\u00e1ticas empleadas y la identificaci\u00f3n de las personas con las que se ha mantenido alg\u00fan tipo de comunicaci\u00f3n. Las segundas presentan niveles de seguridad m\u00e1s avanzados y especializados dependiendo de cada fabricante, si bien comparten ciertos rasgos que permiten hacer una enumeraci\u00f3n de las mismas.<\/strong><\/h5>\n<h5 style=\"text-align: justify;\"><strong>As\u00ed, las herramientas de control parental establecen, dependiendo de las caracter\u00edsticas de cada una, las siguientes posibilidades, muchas de estas opciones se encuentran incluidas en las herramientas que crean algunas empresas de seguridad inform\u00e1tica:<\/strong><\/h5>\n<h5 style=\"text-align: justify;\"><strong>\u2022 Control de tiempo: brinda la opci\u00f3n de establecer el tiempo que los menores pueden estar conectados a Internet. La limitaci\u00f3n se establecer\u00e1 por horas o n\u00famero de d\u00edas a la semana. Esta posibilidad ayuda a evitar que el menor dedique un n\u00famero de horas excesivo delante del ordenador y permite fijar el tiempo de conexi\u00f3n de los ni\u00f1os cuando se encuentran solos en casa.<\/strong><br \/>\n<strong>\u2022 Bloqueo por palabras clave: permite bloquear p\u00e1ginas web que contengan palabras que presumiblemente se asocien a un contenido no apto (sexo, apuestas, drogas, casino, etc.). Sin embargo, con \u00e9sta t\u00e9cnica se pueden producir los denominados \u201cfalsos positivos\u201d, es decir, cabe la posibilidad de bloquear contenidos que pueden no ser nocivos para los menores ya que el bloqueo de las palabras se realiza aisladamente, sin tener en cuenta el contexto en el que se encuentran integradas.<\/strong><\/h5>\n<h5 style=\"text-align: justify;\"><strong>\u2022 Registros: permite revisar y comprobar los h\u00e1bitos de navegaci\u00f3n de los menores.<\/strong><\/h5>\n<h5 style=\"text-align: justify;\"><strong>\u2022 Bloqueo de programas: posibilita el bloqueo de determinadas herramientas como por ejemplo: los servicios de mensajer\u00eda instant\u00e1nea, correo electr\u00f3nico, descarga de programas, etc.<\/strong><\/h5>\n<h5 style=\"text-align: justify;\"><strong>\u2022 Listas negras de p\u00e1ginas web: contienen las direcciones de los sitios web a las que se restringe el acceso. Sin embargo, esta posibilidad se ve limitada por la rapidez con la que diariamente se crean nuevos contenidos y p\u00e1ginas en la Red, con el consiguiente esfuerzo que conlleva la actualizaci\u00f3n de dichas listas.<\/strong><\/h5>\n<h5 style=\"text-align: justify;\"><strong>\u2022 Listas blancas de p\u00e1ginas web: se trata de listas de p\u00e1ginas a las que se permite el acceso por considerarlas apropiadas, \u00fanicamente se permite acceder a las p\u00e1ginas que se encuentren en la misma, por lo que suponen una restricci\u00f3n mayor ya que todo lo que no est\u00e9 permitido se encuentra bloqueado.<\/strong><\/h5>\n<h5 style=\"text-align: justify;\"><strong>\u2022 Etiquetado de p\u00e1ginas: las p\u00e1ginas web contienen una serie de etiquetas de clasificaci\u00f3n que determinan el contenido de la misma. As\u00ed, algunas herramientas permiten el bloqueo por parte de los navegadores web de las p\u00e1ginas que contengan ciertos contenidos determinados como no aptos por terceras empresas.<\/strong><\/h5>\n<h5 style=\"text-align: justify;\"><\/h5>\n<h5 style=\"text-align: justify;\"><strong>Entre las principales ventajas que ofrecen las soluciones de control parental cabe se\u00f1alar:<\/strong><\/h5>\n<h5 style=\"text-align: justify;\"><strong>\u2022 El seguimiento de la actividad que los menores llevan a cabo en Internet, como por ejemplo: la participaci\u00f3n en redes sociales o sitios web colaborativos, la utilizaci\u00f3n de sistemas de mensajer\u00eda instant\u00e1nea o el uso de aquellas otras herramientas o aplicaciones software que permiten establecer una relaci\u00f3n con terceros usuarios que siendo usuarios no conocidos en el entorno del menor, pueden generar un riesgo aparente para este colectivo.<\/strong><br \/>\n<strong>\u2022 Establecer seguimientos y registros del tiempo empleado en la navegaci\u00f3n por Internet as\u00ed como de las p\u00e1ginas web que son visitadas y a cuales de ellas se dedica mayor tiempo.<\/strong><br \/>\n<strong>\u2022 Algunos sistemas de control parental cuentan adem\u00e1s, con escritorios virtuales que permiten a los padres\/tutores legales o administradores de los equipos, el acceso de forma remota al ordenador que est\u00e1 siendo utilizado por el menor, ofreciendo la posibilidad de realizar una vigilancia de la actividad que se esta llevando a cabo, sin necesidad de presencia f\u00edsica por parte de aquellos.<\/strong><br \/>\n<strong>\u2022 No permiten que los menores cambien las opciones de seguridad establecidas, sin consentimiento del administrador, padre o tutor del menor.<\/strong><\/h5>\n<h5 style=\"text-align: justify;\"><strong>Programas para Proteger a los ni\u00f1os en internet.\u00a0<span style=\"color: #ff0000;\"><a style=\"color: #ff0000;\" href=\"http:\/\/fcfcomunicaciones.com\/programas-para-proteger-a-los-ninos-en-internet\/\">Click Aqui<\/a><\/span><\/strong><\/h5>\n<h5 style=\"text-align: justify;\"><strong>Para mayor informacion puede descargar la guia de \u201d\u00a0C\u00f3mo activar y configurar el control parental de los sistemas operativos\u201d haciendo<a href=\"http:\/\/fcfcomunicaciones.com\/wp-content\/uploads\/2017\/10\/guia_activacion_configuracion_control_parental.pdf\" rel=\"lightbox\">\u00a0<span style=\"color: #ff0000;\">Click Aqui.<\/span><\/a><\/strong><\/h5>\n<p>[\/vc_column_text][\/vc_column][\/vc_row]<\/p>\n","protected":false},"excerpt":{"rendered":"<p>[vc_row king_row_type=\u00bbparallax\u00bb bg_image=\u00bb2418&#8243;][vc_column][vc_empty_space][vc_column_text] \u00bfQU\u00c9 ES UN SISTEMA DE CONTROL PARENTAL? Un sistema de control parental es \u201cToda herramienta o aplicaci\u00f3n que tiene la capacidad de bloquear, restringir o filtrar el acceso a determinados contenidos o programas, accesibles a trav\u00e9s de un ordenador o de la Red, y de dotar de un control sobre el equipo &#8230;<\/p>\n","protected":false},"author":1,"featured_media":0,"parent":0,"menu_order":0,"comment_status":"closed","ping_status":"closed","template":"templates\/page-full.php","meta":[],"acf":[],"_links":{"self":[{"href":"http:\/\/fcfcomunicaciones.com\/index.php?rest_route=\/wp\/v2\/pages\/2486"}],"collection":[{"href":"http:\/\/fcfcomunicaciones.com\/index.php?rest_route=\/wp\/v2\/pages"}],"about":[{"href":"http:\/\/fcfcomunicaciones.com\/index.php?rest_route=\/wp\/v2\/types\/page"}],"author":[{"embeddable":true,"href":"http:\/\/fcfcomunicaciones.com\/index.php?rest_route=\/wp\/v2\/users\/1"}],"replies":[{"embeddable":true,"href":"http:\/\/fcfcomunicaciones.com\/index.php?rest_route=%2Fwp%2Fv2%2Fcomments&post=2486"}],"version-history":[{"count":20,"href":"http:\/\/fcfcomunicaciones.com\/index.php?rest_route=\/wp\/v2\/pages\/2486\/revisions"}],"predecessor-version":[{"id":2586,"href":"http:\/\/fcfcomunicaciones.com\/index.php?rest_route=\/wp\/v2\/pages\/2486\/revisions\/2586"}],"wp:attachment":[{"href":"http:\/\/fcfcomunicaciones.com\/index.php?rest_route=%2Fwp%2Fv2%2Fmedia&parent=2486"}],"curies":[{"name":"wp","href":"https:\/\/api.w.org\/{rel}","templated":true}]}}