{"id":2471,"date":"2017-10-06T09:32:56","date_gmt":"2017-10-06T14:32:56","guid":{"rendered":"http:\/\/fcfcomunicaciones.com\/?page_id=2471"},"modified":"2017-10-06T11:49:12","modified_gmt":"2017-10-06T16:49:12","slug":"registro-tic","status":"publish","type":"page","link":"http:\/\/fcfcomunicaciones.com\/?page_id=2471","title":{"rendered":"REGISTRO TIC"},"content":{"rendered":"<p>[vc_row king_row_type=\u00bbparallax\u00bb bg_image=\u00bb2418&#8243; king_color_opacity=\u00bb10&#8243;][vc_column][vc_column_text]<\/p>\n<h4 style=\"text-align: center;\"><strong>REGISTRO TIC<\/strong><\/h4>\n<h3 style=\"text-align: justify;\">El Registro TIC es la forma a trav\u00e9s de la cual los proveedores de redes y\/o servicios de telecomunicaciones y los titulares de permiso para el uso de recursos escasos (espectro radioel\u00e9ctrico, ERE), hacen efectiva la habilitaci\u00f3n general prevista en el art\u00edculo 10 de la Ley 1341 de 2009.<\/h3>\n<h3 style=\"text-align: justify;\">Una vez obtenido este registro, los proveedores de redes y\/o servicios de telecomunicaciones y titulares de permisos para el uso de recursos escasos (ERE) pueden llevar a cabo el inicio de la provisi\u00f3n de redes y\/o servicios de telecomunicaciones.<\/h3>\n<p>[\/vc_column_text][vc_empty_space][vc_column_text]<\/p>\n<div align=\"center\"><img decoding=\"async\" loading=\"lazy\" class=\"wp-image-2472 aligncenter\" src=\"http:\/\/fcfcomunicaciones.com\/wp-content\/uploads\/2017\/10\/registro-TIC.jpg\" alt=\"registro TIC\" width=\"825\" height=\"626\" \/><\/div>\n<p>[\/vc_column_text][\/vc_column][\/vc_row]<\/p>\n","protected":false},"excerpt":{"rendered":"<p>[vc_row king_row_type=\u00bbparallax\u00bb bg_image=\u00bb2418&#8243; king_color_opacity=\u00bb10&#8243;][vc_column][vc_column_text] REGISTRO TIC El Registro TIC es la forma a trav\u00e9s de la cual los proveedores de redes y\/o servicios de telecomunicaciones y los titulares de permiso para el uso de recursos escasos (espectro radioel\u00e9ctrico, ERE), hacen efectiva la habilitaci\u00f3n general prevista en el art\u00edculo 10 de la Ley 1341 de 2009. &#8230;<\/p>\n","protected":false},"author":1,"featured_media":0,"parent":0,"menu_order":0,"comment_status":"closed","ping_status":"closed","template":"templates\/page-full.php","meta":[],"acf":[],"_links":{"self":[{"href":"http:\/\/fcfcomunicaciones.com\/index.php?rest_route=\/wp\/v2\/pages\/2471"}],"collection":[{"href":"http:\/\/fcfcomunicaciones.com\/index.php?rest_route=\/wp\/v2\/pages"}],"about":[{"href":"http:\/\/fcfcomunicaciones.com\/index.php?rest_route=\/wp\/v2\/types\/page"}],"author":[{"embeddable":true,"href":"http:\/\/fcfcomunicaciones.com\/index.php?rest_route=\/wp\/v2\/users\/1"}],"replies":[{"embeddable":true,"href":"http:\/\/fcfcomunicaciones.com\/index.php?rest_route=%2Fwp%2Fv2%2Fcomments&post=2471"}],"version-history":[{"count":13,"href":"http:\/\/fcfcomunicaciones.com\/index.php?rest_route=\/wp\/v2\/pages\/2471\/revisions"}],"predecessor-version":[{"id":2507,"href":"http:\/\/fcfcomunicaciones.com\/index.php?rest_route=\/wp\/v2\/pages\/2471\/revisions\/2507"}],"wp:attachment":[{"href":"http:\/\/fcfcomunicaciones.com\/index.php?rest_route=%2Fwp%2Fv2%2Fmedia&parent=2471"}],"curies":[{"name":"wp","href":"https:\/\/api.w.org\/{rel}","templated":true}]}}