{"id":2332,"date":"2017-07-26T23:34:27","date_gmt":"2017-07-27T04:34:27","guid":{"rendered":"http:\/\/fcfcomunicaciones.com\/?page_id=2332"},"modified":"2017-09-26T15:53:24","modified_gmt":"2017-09-26T20:53:24","slug":"servicio-al-cliente","status":"publish","type":"page","link":"http:\/\/fcfcomunicaciones.com\/?page_id=2332","title":{"rendered":"SERVICIO AL CLIENTE"},"content":{"rendered":"<p>[vc_row king_bg_repeat=\u00bbcover\u00bb king_row_type=\u00bbcontainer_full\u00bb bg_image=\u00bb2418&#8243;][vc_column width=\u00bb1\/2&#8243;][vc_column_text]<\/p>\n<h3 style=\"text-align: justify;\">La empresa cuenta con un Centro de Gesti\u00f3n a nivel residencial que funciona de lunes a s\u00e1bado de 8:00 AM a 6:00 PM, para un mayor y efectivo servicio al cliente.<\/h3>\n<h3>L\u00edneas de soporte t\u00e9cnico:<\/h3>\n<h3>PBX: <strong>314 408 4582 \u2013 3105159031 &#8211; 098 831 1650<\/strong><\/h3>\n<h3>Email: <a href=\"mailto:gerencia@fcfcomunicaciones.com\">gerencia@fcfcomunicaciones.com<\/a><\/h3>\n<h3><a href=\"mailto:servicioalcliente@fcfcomunicaciones.com\">servicioalcliente@fcfcomunicaciones.com<\/a><\/h3>\n<h3>Oficina Principal: Calle 6 # 4-25 Centro, La Argentina Huila.<\/h3>\n<p>[\/vc_column_text][\/vc_column][vc_column width=\u00bb1\/2&#8243;][vc_column_text]<img decoding=\"async\" loading=\"lazy\" class=\"alignnone wp-image-2414 alignright\" src=\"http:\/\/fcfcomunicaciones.com\/wp-content\/uploads\/2017\/07\/mujer.png\" alt=\"mujer\" width=\"458\" height=\"357\" \/>[\/vc_column_text][\/vc_column][\/vc_row]<\/p>\n","protected":false},"excerpt":{"rendered":"<p>[vc_row king_bg_repeat=\u00bbcover\u00bb king_row_type=\u00bbcontainer_full\u00bb bg_image=\u00bb2418&#8243;][vc_column width=\u00bb1\/2&#8243;][vc_column_text] La empresa cuenta con un Centro de Gesti\u00f3n a nivel residencial que funciona de lunes a s\u00e1bado de 8:00 AM a 6:00 PM, para un mayor y efectivo servicio al cliente. L\u00edneas de soporte t\u00e9cnico: PBX: 314 408 4582 \u2013 3105159031 &#8211; 098 831 1650 Email: gerencia@fcfcomunicaciones.com servicioalcliente@fcfcomunicaciones.com Oficina Principal: &#8230;<\/p>\n","protected":false},"author":1,"featured_media":0,"parent":0,"menu_order":0,"comment_status":"closed","ping_status":"closed","template":"","meta":[],"acf":[],"_links":{"self":[{"href":"http:\/\/fcfcomunicaciones.com\/index.php?rest_route=\/wp\/v2\/pages\/2332"}],"collection":[{"href":"http:\/\/fcfcomunicaciones.com\/index.php?rest_route=\/wp\/v2\/pages"}],"about":[{"href":"http:\/\/fcfcomunicaciones.com\/index.php?rest_route=\/wp\/v2\/types\/page"}],"author":[{"embeddable":true,"href":"http:\/\/fcfcomunicaciones.com\/index.php?rest_route=\/wp\/v2\/users\/1"}],"replies":[{"embeddable":true,"href":"http:\/\/fcfcomunicaciones.com\/index.php?rest_route=%2Fwp%2Fv2%2Fcomments&post=2332"}],"version-history":[{"count":11,"href":"http:\/\/fcfcomunicaciones.com\/index.php?rest_route=\/wp\/v2\/pages\/2332\/revisions"}],"predecessor-version":[{"id":2422,"href":"http:\/\/fcfcomunicaciones.com\/index.php?rest_route=\/wp\/v2\/pages\/2332\/revisions\/2422"}],"wp:attachment":[{"href":"http:\/\/fcfcomunicaciones.com\/index.php?rest_route=%2Fwp%2Fv2%2Fmedia&parent=2332"}],"curies":[{"name":"wp","href":"https:\/\/api.w.org\/{rel}","templated":true}]}}