{"id":2234,"date":"2017-05-05T12:03:46","date_gmt":"2017-05-05T17:03:46","guid":{"rendered":"http:\/\/fcfcomunicaciones.com\/?page_id=2234"},"modified":"2024-05-30T15:04:39","modified_gmt":"2024-05-30T20:04:39","slug":"nuestra-cobertura","status":"publish","type":"page","link":"http:\/\/fcfcomunicaciones.com\/?page_id=2234","title":{"rendered":"NUESTRA COBERTURA."},"content":{"rendered":"<p>[vc_row][vc_column][vc_column_text]En FCF COMUNICACIONES, nos enorgullecemos de ofrecer un servicio de internet incomparable gracias a nuestra infraestructura de red propia, hemos invertido en nuestra propia tecnolog\u00eda de \u00faltima generaci\u00f3n para garantizarte velocidad constante, soporte t\u00e9cnico especializado, seguridad y privacidad. El\u00edgenos y experimenta la diferencia de ofrecerte lo mejor en conectividad, porque mereces m\u00e1s que un simple servicio de internet, mereces una red de confianza.[\/vc_column_text][vc_empty_space][vc_single_image image=\u00bb3087&#8243; img_size=\u00bbfull\u00bb alignment=\u00bbcenter\u00bb style=\u00bbvc_box_shadow_border\u00bb][vc_empty_space][vc_separator color=\u00bbblue\u00bb][vc_empty_space][\/vc_column][\/vc_row][vc_row][vc_column width=\u00bb1\/3&#8243;][vc_single_image image=\u00bb2257&#8243; img_size=\u00bb100X100&#8243; alignment=\u00bbcenter\u00bb style=\u00bbvc_box_outline_circle_2&#8243; border_color=\u00bbblue\u00bb onclick=\u00bblink_image\u00bb title=\u00bbLA ARGENTINA\u00bb css=\u00bb.vc_custom_1494008952544{padding-right: 5px !important;}\u00bb][\/vc_column][vc_column width=\u00bb1\/3&#8243;][vc_single_image image=\u00bb2258&#8243; img_size=\u00bb200X200&#8243; alignment=\u00bbcenter\u00bb style=\u00bbvc_box_outline_circle_2&#8243; border_color=\u00bbblue\u00bb title=\u00bbLA PLATA\u00bb][\/vc_column][vc_column width=\u00bb1\/3&#8243;][vc_single_image image=\u00bb2259&#8243; img_size=\u00bb220X220&#8243; alignment=\u00bbcenter\u00bb style=\u00bbvc_box_outline_circle_2&#8243; border_color=\u00bbblue\u00bb title=\u00bbN\u00c1TAGA\u00bb css=\u00bb.vc_custom_1495118081654{padding-left: 5px !important;}\u00bb][\/vc_column][\/vc_row][vc_row][vc_column][vc_empty_space][vc_separator color=\u00bbblue\u00bb][vc_empty_space][\/vc_column][\/vc_row][vc_row][vc_column width=\u00bb1\/3&#8243;][vc_single_image image=\u00bb2266&#8243; img_size=\u00bb100X100&#8243; alignment=\u00bbcenter\u00bb style=\u00bbvc_box_outline_circle_2&#8243; border_color=\u00bbblue\u00bb onclick=\u00bblink_image\u00bb title=\u00bbTESALIA\u00bb css=\u00bb.vc_custom_1494008962375{padding-right: 5px !important;}\u00bb][\/vc_column][vc_column width=\u00bb1\/3&#8243;][vc_single_image image=\u00bb2267&#8243; img_size=\u00bb200X200&#8243; alignment=\u00bbcenter\u00bb style=\u00bbvc_box_outline_circle_2&#8243; border_color=\u00bbblue\u00bb title=\u00bbPACARNI\u00bb][\/vc_column][vc_column width=\u00bb1\/3&#8243;][vc_single_image image=\u00bb2268&#8243; img_size=\u00bb200X200&#8243; alignment=\u00bbcenter\u00bb style=\u00bbvc_box_outline_circle_2&#8243; border_color=\u00bbblue\u00bb title=\u00bbIQUIRA\u00bb css=\u00bb.vc_custom_1494008970515{padding-left: 5px !important;}\u00bb][\/vc_column][\/vc_row]<\/p>\n","protected":false},"excerpt":{"rendered":"<p>[vc_row][vc_column][vc_column_text]En FCF COMUNICACIONES, nos enorgullecemos de ofrecer un servicio de internet incomparable gracias a nuestra infraestructura de red propia, hemos invertido en nuestra propia tecnolog\u00eda de \u00faltima generaci\u00f3n para garantizarte velocidad constante, soporte t\u00e9cnico especializado, seguridad y privacidad. El\u00edgenos y experimenta la diferencia de ofrecerte lo mejor en conectividad, porque mereces m\u00e1s que un simple &#8230;<\/p>\n","protected":false},"author":1,"featured_media":0,"parent":0,"menu_order":0,"comment_status":"closed","ping_status":"closed","template":"","meta":[],"acf":[],"_links":{"self":[{"href":"http:\/\/fcfcomunicaciones.com\/index.php?rest_route=\/wp\/v2\/pages\/2234"}],"collection":[{"href":"http:\/\/fcfcomunicaciones.com\/index.php?rest_route=\/wp\/v2\/pages"}],"about":[{"href":"http:\/\/fcfcomunicaciones.com\/index.php?rest_route=\/wp\/v2\/types\/page"}],"author":[{"embeddable":true,"href":"http:\/\/fcfcomunicaciones.com\/index.php?rest_route=\/wp\/v2\/users\/1"}],"replies":[{"embeddable":true,"href":"http:\/\/fcfcomunicaciones.com\/index.php?rest_route=%2Fwp%2Fv2%2Fcomments&post=2234"}],"version-history":[{"count":33,"href":"http:\/\/fcfcomunicaciones.com\/index.php?rest_route=\/wp\/v2\/pages\/2234\/revisions"}],"predecessor-version":[{"id":3090,"href":"http:\/\/fcfcomunicaciones.com\/index.php?rest_route=\/wp\/v2\/pages\/2234\/revisions\/3090"}],"wp:attachment":[{"href":"http:\/\/fcfcomunicaciones.com\/index.php?rest_route=%2Fwp%2Fv2%2Fmedia&parent=2234"}],"curies":[{"name":"wp","href":"https:\/\/api.w.org\/{rel}","templated":true}]}}