{"id":2195,"date":"2017-05-05T11:17:28","date_gmt":"2017-05-05T16:17:28","guid":{"rendered":"http:\/\/fcfcomunicaciones.com\/?page_id=2195"},"modified":"2020-03-02T09:25:42","modified_gmt":"2020-03-02T14:25:42","slug":"nuestra-compania","status":"publish","type":"page","link":"http:\/\/fcfcomunicaciones.com\/?page_id=2195","title":{"rendered":"NUESTRA COMPA\u00d1\u00cdA"},"content":{"rendered":"<h2 style=\"text-align: justify;\">FCF COMUNICACIONES S.A.S es una empresa Huilense su sede princiapal ubicada en el municipio de La Argentina Huila desde el a\u00f1o 2009 por lo cual ya cuenta con m\u00e1s de 7 a\u00f1os de presencia y trayectoria en el mercado.<\/h2>\n<h2 style=\"text-align: justify;\">Desde el comienzo de nuestras actividades, nos especializamos en \u00a0dise\u00f1ar y desarrollar enlaces con equipos de telecomunicaciones, antenas y accesorios para redes inal\u00e1mbricas en las bandas de frecuencia libres (900 MHz, 2.4, 5.2 y 5.8 GHz), bandas de frecuencias licenciadas (2.3 a 2.7GHz y 3.4 a 3.6GHz) y la banda de seguridad p\u00fablica (4.9GHz).<\/h2>\n<h2 style=\"text-align: justify;\">Con el transcurso de los a\u00f1os hemos incorporado nuevas l\u00edneas de productos con el objetivo de proveer a nuestros clientes una soluci\u00f3n integral a sus necesidades. Contamos con un personal id\u00f3neo de alta experiencia y capacidad que respaldan y avalan nuestra labor, el cual se capacita de forma permanente a fin de estar actualizado en los cambios e innovaciones tecnol\u00f3gicas que se presentan en nuestro \u00e1mbito.<\/h2>\n<h2 style=\"text-align: justify;\">Somos una empresa emprendedora que ha sido capaz de llegar a lugares de muy deficiente cobertura y disponibilidad, buscando una soluci\u00f3n inmediata e innovadora para estos lugares.<\/h2>\n<h2 style=\"text-align: justify;\">Contamos con amplia experiencia; especialmente en municipios y zonas rurales del sur occidente del departamento del Huila como los municipios de \u00cdquira, Tesalia, N\u00e1taga, La Plata, La Argentina y corregimientos como Pacarni, Rio Negro, Rio Chiquito, Patio Bonito, Gallego, Villalosada, Bel\u00e9n y El Pensil.<\/h2>\n<h2 style=\"text-align: justify;\">Nuestro principal objetivo es lograr una mejora permanente en nuestras actividades diarias con el fin de ofrecer un servicio que asegure una entrega a tiempo y de manera satisfactoria para nuestros clientes.<\/h2>\n<p>&nbsp;<\/p>\n","protected":false},"excerpt":{"rendered":"<p>FCF COMUNICACIONES S.A.S es una empresa Huilense su sede princiapal ubicada en el municipio de La Argentina Huila desde el a\u00f1o 2009 por lo cual ya cuenta con m\u00e1s de 7 a\u00f1os de presencia y trayectoria en el mercado. Desde el comienzo de nuestras actividades, nos especializamos en \u00a0dise\u00f1ar y desarrollar enlaces con equipos de &#8230;<\/p>\n","protected":false},"author":1,"featured_media":0,"parent":0,"menu_order":0,"comment_status":"closed","ping_status":"closed","template":"","meta":[],"acf":[],"_links":{"self":[{"href":"http:\/\/fcfcomunicaciones.com\/index.php?rest_route=\/wp\/v2\/pages\/2195"}],"collection":[{"href":"http:\/\/fcfcomunicaciones.com\/index.php?rest_route=\/wp\/v2\/pages"}],"about":[{"href":"http:\/\/fcfcomunicaciones.com\/index.php?rest_route=\/wp\/v2\/types\/page"}],"author":[{"embeddable":true,"href":"http:\/\/fcfcomunicaciones.com\/index.php?rest_route=\/wp\/v2\/users\/1"}],"replies":[{"embeddable":true,"href":"http:\/\/fcfcomunicaciones.com\/index.php?rest_route=%2Fwp%2Fv2%2Fcomments&post=2195"}],"version-history":[{"count":6,"href":"http:\/\/fcfcomunicaciones.com\/index.php?rest_route=\/wp\/v2\/pages\/2195\/revisions"}],"predecessor-version":[{"id":2711,"href":"http:\/\/fcfcomunicaciones.com\/index.php?rest_route=\/wp\/v2\/pages\/2195\/revisions\/2711"}],"wp:attachment":[{"href":"http:\/\/fcfcomunicaciones.com\/index.php?rest_route=%2Fwp%2Fv2%2Fmedia&parent=2195"}],"curies":[{"name":"wp","href":"https:\/\/api.w.org\/{rel}","templated":true}]}}